t z = 8 + -8. Suppose -3*g + z*g = -669. Is g a composite number?
False
Suppose 4*v = 5*k + 155, -4*k - 62 - 20 = -2*v. Is v a composite number?
True
Suppose -5*u + 1261 = -q, u + 3*u = 2*q + 1004. Is u a composite number?
True
Suppose 7*q - 386 = 83. Is q a prime number?
True
Suppose 5*d - 1478 = 4*q + 133, 5*d - 5*q = 1615. Is d a prime number?
False
Suppose -8*h = -4*h - b - 870, -2*b = -3*h + 655. Suppose 0 = -5*q - 88 - 672. Let f = h + q. Is f a prime number?
False
Let a be -1 + (3 + 259)/2. Suppose 3*s - a = -25. Is s prime?
False
Suppose 0*x - 2 = -x. Suppose 95 = 5*w + 4*i, -x*w + 5*i + 23 + 48 = 0. Is w prime?
True
Let b be (-4)/14 - 1718/14. Suppose -2 = 5*r - 1102. Let m = b + r. Is m a composite number?
False
Let z(c) = -26*c - 1. Let q be 3/15 - 9/(-5). Let t = -3 + q. Is z(t) a prime number?
False
Suppose -3*n - 4 = 20. Is 3/4 - 1730/n prime?
False
Let u(v) = 10*v**2 + 6*v + 7. Let q = 14 - 18. Is u(q) a composite number?
True
Let b be 18/(-2)*1/(-3). Let r be 1/b + (-6136)/(-24). Let t = r - 167. Is t a composite number?
False
Is (-18)/(-4)*(-322)/(-21) a prime number?
False
Let q(r) = r**2 - r - 11. Is q(21) a composite number?
False
Suppose -1 - 1 = -a. Suppose -t = a*t - 111. Is t prime?
True
Let p be 2/9 - 43/(-9). Suppose 10 + 10 = p*v. Suppose 0 = -v*q + q + 111. Is q a composite number?
False
Is ((-6954)/(-12) + -4)/((-1)/(-2)) prime?
True
Let h(a) = 6*a**2 - a - 13. Is h(-5) a prime number?
False
Suppose f - 487 = -5*z + 10*z, -5*z + 914 = 2*f. Is f a prime number?
True
Let s(d) be the third derivative of d**4/24 - d**3/6 - d**2. Let r be s(1). Is 1 + (-2 - r) + 3 composite?
False
Let q(o) = -o + 4. Let f be q(5). Let c be (3 - f)*10/8. Suppose 2*l + s - 11 = 0, 0 = -4*l + 3*l - c*s - 8. Is l composite?
False
Is ((-471)/9)/(6/(-18)) prime?
True
Suppose -80 - 61 = -j. Is j composite?
True
Let f(z) = -z + 19. Let u = -1 + 3. Suppose -u*r + r = 0. Is f(r) prime?
True
Let b(x) = 117*x**2 + 1. Is b(-1) prime?
False
Let d = -3 - -5. Suppose w + 96 = 2*g, -d*g - 3*w + 143 = 39. Is g a prime number?
False
Let p be ((-6)/(-4))/((-6)/8). Is (-423)/p + 9/(-18) prime?
True
Suppose -w + 3*w = -8, -492 = -2*a - 2*w. Let o = a + -131. Is o a composite number?
True
Suppose 2*v + 12 = -4*z, 2*v + v + z + 8 = 0. Let x be v/5 - (-198)/45. Suppose -2*c + 159 = -i + 2*i, 656 = x*i + 4*c. Is i a composite number?
True
Suppose 228 = -3*f + 891. Is f a composite number?
True
Let p(x) = x**2 + 4*x - 5. Let f be p(-6). Is f/(-14)*(-38)/1 a prime number?
True
Let z = 70 - 40. Suppose 5*v - z = -c + 4*v, 0 = -3*c + 4*v + 97. Is c prime?
True
Let g(m) = 3*m**2 - 4. Is g(7) prime?
False
Let r(t) = 8*t**2 + 5*t - 2. Is r(3) a prime number?
False
Suppose 3*a - 1423 = 488. Suppose 5*f - 630 = 2*v + 3*v, 5*f - a = -2*v. Is f composite?
False
Let q(u) = -u**3 - 15*u**2 + 22*u - 23. Is q(-18) a prime number?
False
Let t(j) = -5*j**3 - 5*j**2 + 5*j. Let y be t(-5). Let r = y + -326. Is r composite?
False
Suppose 4*g = -0*d - 4*d + 204, -198 = -4*d - g. Suppose 151 = 2*v + d. Is v a prime number?
False
Let q = -1423 + 2382. Is q a composite number?
True
Suppose -2*w = w - 5*n - 21, 2*n + 16 = 5*w. Is 2*(0 + 19/w) a prime number?
True
Let f(b) = -b**3 + 4*b**2 - 7*b + 1. Let q be f(5). Let s be (-3 - -103) + 1 - 3. Let d = q + s. Is d a composite number?
True
Is 87/(2/5 - (-11)/10) composite?
True
Suppose 5*d + 0*a = -4*a - 18, -4*d - a - 10 = 0. Let t = 276 + -170. Is (-1 - 0)*t/d a prime number?
True
Let m(j) = -j**3 + 6*j**2 + 1. Let q be m(6). Is -3*(q - 168/9) a prime number?
True
Suppose -i + 4*s + 43 = 0, 5*i - s + 53 = 287. Is i composite?
False
Let n = 282 + 471. Is n composite?
True
Let n = 4 + -1. Suppose -416 + 116 = -5*w. Suppose 4*b - w = 4*d - 172, -147 = -4*d - n*b. Is d a prime number?
False
Let j(t) be the first derivative of 5*t**3/3 + 5*t**2/2 + 6*t + 1. Let o be j(-6). Suppose -3*k + 5*r - 73 = -4*k, -2*k - 5*r + o = 0. Is k composite?
False
Let n = 189 + 926. Is n prime?
False
Let c(k) = -k**3 + 11*k**2 + 11*k - 11. Suppose -3*g + 25 + 5 = 0. Is c(g) prime?
True
Suppose -4*o - 5*r + 10037 = 0, 4*r = -o + 472 + 2051. Is o composite?
False
Suppose -5*p - 2*c = -10, -5 - 1 = -4*p - 2*c. Let g = p + -4. Is (-33)/(-3)*13 - g prime?
False
Let o(k) = -3*k**2 - 13*k + 5. Let a(n) = -2*n**2 - 13*n + 5. Let b(w) = -4*a(w) + 3*o(w). Is b(5) a composite number?
True
Suppose -3*k + 4*i + 389 = 0, -3*i - 260 = -8*k + 6*k. Is k a composite number?
False
Let q(g) = 7*g - 2. Is q(5) a composite number?
True
Let n(p) = 4*p**2. Let w be n(1). Suppose -2*l = -3*v - 26, -22 = -2*l - 0*l + w*v. Is l a prime number?
True
Let h(r) = r**2 - 9*r - 6. Let b be h(10). Suppose -36 = -2*q + 5*u, 4*u + 110 = b*q + 26. Is q composite?
False
Suppose 0 = i + 4 + 2. Let l = i + 8. Suppose -4*c + l*u + 3*u = -117, -4*c + 129 = -u. Is c a prime number?
False
Let o = -20 - 4. Let d = 12 - o. Is (-8)/d + 821/9 a prime number?
False
Let y(t) = -132*t - 7. Is y(-15) a prime number?
True
Let k = 13 + -9. Let u = 41 - k. Is u a composite number?
False
Let u(m) = 7*m**2 - m. Suppose 4*r - r - 7 = 2*i, 3*r + 2*i + 1 = 0. Let s be u(r). Is (-1)/(-6) + 857/s composite?
True
Let h(i) be the third derivative of -2*i**4/3 - i**3/6 - 2*i**2. Is h(-5) a composite number?
False
Suppose -f = -3 - 1. Suppose -f*d + 930 = -y, d + 2*y + 928 = 5*d. Is d prime?
True
Suppose -13*m + 7*m = -9582. Is m prime?
True
Let i(w) = w - 4. Let c = 3 + 4. Let v be i(c). Suppose -3 = -v*o + 144. Is o composite?
True
Suppose -7*j = -3*j - 212. Is j prime?
True
Is ((-113540)/(-50))/((-4)/(-10)) a prime number?
False
Let h = 16 - 2. Let n = 164 - h. Suppose -5*b = 4*m + m - n, -3*m + 91 = 2*b. Is m composite?
False
Let w(i) be the third derivative of 3*i**5/20 - i**4/24 + 9*i**2. Is w(2) a composite number?
True
Suppose 4*j - 1509 = j. Is j prime?
True
Suppose 4*j = -2*j - 150. Let r = j + 78. Is r a prime number?
True
Suppose -3*t - 3 + 7 = 5*u, 5*u - 14 = 2*t. Is t/6 + (-133)/(-21) prime?
False
Let n = -24 - -9. Let q = n - -70. Is q composite?
True
Let q = 38 + -26. Let l(f) = f**2 + 3*f - 8. Let n be l(-6). Suppose 2*h - n = q. Is h composite?
False
Let d(l) = 9*l**2 + 2*l - 1. Let o be d(1). Let a = o + -3. Is a a prime number?
True
Let c = 1 - 17. Let l = c - -30. Is l composite?
True
Let i be ((-40)/(-6))/(6/9). Is (-82)/(-3)*45/i a composite number?
True
Is -537*((-24)/(-9))/(-4) prime?
False
Is 42/(-9)*60/(-8) a prime number?
False
Let u be ((-26)/65)/(2/(-10)). Suppose -3*z = 4*i - 74, 4*z - u*i = 3*i + 78. Is z a prime number?
False
Suppose 2*a - 454 + 18 = 0. Is a composite?
True
Suppose 3*c - 4*c + 564 = 2*k, 5*c = 3*k - 820. Let u = k - 69. Suppose 0 = 5*d - u - 84. Is d prime?
True
Suppose -46*b + 38*b = -9368. Is b composite?
False
Suppose -10 = -3*y + n + 1, -3*n = -y + 1. Suppose 4*r - 876 = -y*i, 5*i + 466 = 2*r - 0*i. Is r composite?
False
Let c = 564 + -315. Is c a composite number?
True
Let i = -2075 - -3240. Is i a prime number?
False
Let n = -424 - -609. Is n a composite number?
True
Suppose -6*k = -4*k - 6286. Is k a composite number?
True
Suppose 2*v = -0*v + 5*d + 4, -5*d = v + 13. Let z = v + 9. Is z a composite number?
True
Let s = -43 - -606. Is s a prime number?
True
Let x(i) = i**2 - 5*i. Let h be x(4). Let o be (-606)/h - 24/(-16). Suppose -4*a + o = 17. Is a composite?
True
Let d(r) = -14*r - 7. Let t be (-2)/(-1)*1*1. Suppose -21 = k + t*k. Is d(k) composite?
True
Suppose d - 2 = 3. Suppose -d*v + 1371 = -284. Is v prime?
True
Let z be (-1799)/14 - (-2)/(-4). Let a = z + 292. Is a a prime number?
True
Let j be 65/7 + 4/(-14). Is 1893/j + (-2)/(-3) a prime number?
True
Let h(j) = -3*j - 1. Let k be h(-1). Suppose 762 = c + k*c. Is c composite?
True
Let t(c) = c**3 + c + 2. Suppose -2*k = 2*x - 0*x + 2, -5*k + 3*x + 3 = 0. Let u be t(k). Suppose 3*q = -2*h - q + 94, u*q = h - 27. Is h prime?
True
Is -2 + 942 + (-2)/((-8)/12) composite?
True
Let f(u) = 57*u**2 - 4*u - 57. Is f(8) a prime number?
True
Suppose -7*k = -2*k - 2935. Is k composite?
False
Suppose -8 = 2*b + 4*i, 0 = 3*b + i - 1 - 2. Suppose 6*a - a = 15, -b*s + 24 = 4*a. Is s composite?
True
Let v(f) = f**2 - 4*f + 5. Is v(18) a prime number?
True
Suppose 4*x + 1377 = 57. Let m = -236 - x. Is m prime?
False
Suppo